3*x - 10*x - x. Is 8 a factor of l(8)?
True
Suppose -3*o + 226 - 64 = 0. Does 9 divide o?
True
Let a = -190 + 214. Is 4 a factor of a?
True
Suppose f - 120 = -f. Suppose f = -2*q + 5*q. Does 4 divide q?
True
Let p(w) = w**2 - w. Let r be p(1). Suppose 5*i - 42 - 13 = r. Is 3 a factor of i?
False
Suppose -3*p = -0*p, -5*p = -2*f + 100. Is f/18 - (-4)/18 a multiple of 3?
True
Suppose 0 = 2*j + 4*n - 114 + 24, -n = 3*j - 135. Is 6 a factor of j?
False
Does 20 divide (2/8)/(2/1336)?
False
Let g = 50 - 34. Let u = -10 + g. Let d = 1 + u. Does 7 divide d?
True
Is 26 a factor of 53 + 3/6 + 25/10?
False
Suppose q = -4*q - 4*g + 4, 0 = -5*q + 4*g - 4. Suppose q = m - 7 - 50. Does 19 divide m?
True
Let h(n) = 27*n**3 - 2*n**2 + n. Is 13 a factor of h(1)?
True
Is (1 - -1 - 5) + 30 a multiple of 6?
False
Let r(o) = -3*o**3 - o**2 + 4*o - 3. Let i be r(3). Is i/(-3) - (0 - -2) a multiple of 11?
False
Suppose -3*m - 3*u = -30, 0 = -2*m - 0*m + 2*u. Let o(x) = -x**3 + 4*x**2 + 5*x + 3. Is 3 a factor of o(m)?
True
Suppose 0*q + 5*p = 4*q - 68, 20 = 5*p. Is q a multiple of 6?
False
Suppose -4*z = z + 20. Is 7 a factor of z/2*(-75)/6?
False
Let a be (1 + 0)/(6/12). Suppose -c + 3*u = 2, -a*u + 58 = 2*c + 3*c. Does 10 divide c?
True
Suppose 0 = -5*g + 4*n - 6, 3*n - 4 = 4*g - 0. Suppose -2*z + z = -2*f + 23, -f + g*z + 10 = 0. Is 9 a factor of f?
False
Let c(y) = -y**3 - 7*y**2 + 2*y - 9. Is 13 a factor of c(-8)?
True
Let p be (12/(-9))/((-3)/27). Let t be 2*10*3/p. Suppose 90 = 5*g - t. Does 7 divide g?
False
Let t(k) = -k - 5. Let c be t(-8). Is 10 a factor of 1*c/(3/23)?
False
Suppose -5 = -5*j + 15. Suppose 0 = 4*n - j*m - 116, n + 2*m + 2*m - 4 = 0. Does 7 divide n?
False
Let r = -144 + 181. Is 16 a factor of r?
False
Let p = -7 - 1. Let r = p + -1. Let s = -2 - r. Does 7 divide s?
True
Suppose -2*h + 7 = -j, 4*j = 3*j - 3*h + 18. Suppose s - 4 = -j*a, a = 2*s + 9 + 4. Suppose -3*i = -2*z - 20, 8*i - a*i + 2*z - 60 = 0. Is 5 a factor of i?
True
Let k(s) = -3*s**3 - s**2 + 3*s + 5. Is k(-3) a multiple of 17?
True
Let r be (2 + 46)*8/6. Suppose 2*a = 10 - r. Let b = 44 + a. Is 9 a factor of b?
False
Let f(m) = m**3 - 6*m**2 + 6. Let s be f(6). Suppose -s*y + y + 200 = 0. Is y a multiple of 24?
False
Let h(r) = 5*r - 2. Suppose -1 = 5*v - 5*c - 11, 0 = 5*c. Does 4 divide h(v)?
True
Let y(n) = -18*n**3 + 2*n + 1. Let l = 13 + -14. Is 17 a factor of y(l)?
True
Does 19 divide (4785/35 - 4) + (-6)/(-21)?
True
Suppose 3*c - 7*c + 1676 = 0. Does 55 divide c?
False
Let s = -22 - -12. Let k be 5/(s/4)*-2. Suppose -107 = -k*v + 5*y, 2*v - 4*y = 44 + 14. Does 10 divide v?
False
Suppose -1 = -4*q + 31. Is 8 a factor of q?
True
Let q(m) = m**3 + 9*m**2 - 2. Let x be q(-6). Suppose 3*a + x = 2*a. Is 8/12 + a/(-3) a multiple of 18?
True
Is 15 a factor of (2 - (-20)/(-25))*20?
False
Let t = -35 - -71. Does 12 divide t?
True
Suppose 0 = -5*r - 20, -2*t + 4*r + 28 = -4. Is t a multiple of 2?
True
Let z = 426 - 253. Suppose -2*r = -4*o + r + z, r - 1 = 0. Does 20 divide o?
False
Suppose 0 = 5*c + 5*w - 20, c - 1 = -3*w + 3. Let n(k) be the third derivative of k**5/60 - k**4/12 - k**3/3 - 2*k**2. Does 6 divide n(c)?
True
Let w(g) be the second derivative of -2*g**4/3 - g**3 + 7*g**2/2 - 4*g. Let p(m) = 15*m**2 + 13*m - 15. Let y(a) = -6*p(a) - 13*w(a). Does 13 divide y(-1)?
True
Does 13 divide (220/(-12) + 2/2)*-3?
True
Let g(v) = -v**3 - 6*v**2 + 2*v + 1. Is 9 a factor of g(-7)?
True
Suppose 3*k - 8*k + 40 = 0. Suppose -3*h - 3*c + 7 = -5, 5*h + 3*c - 10 = 0. Does 2 divide -3 + (3 - k*h)?
True
Let g = 1 + 18. Suppose 4*s = -i + 23, -3 = 2*s + 2*i - g. Let x = 0 + s. Is x even?
False
Let m(z) = -z**3 + 2*z**2 + z + 2. Let i be m(2). Is 7 a factor of i - 1 - (1 + -26)?
True
Suppose 3*l = 2*o - 6, 0 = -0*o - 4*o + 2*l + 4. Let f(g) be the second derivative of -g**3/6 + 15*g**2 + g. Is 15 a factor of f(o)?
True
Let q = 0 + 2. Suppose 4*j - 97 = -3*k, -q*j = 7*k - 2*k - 157. Does 9 divide k?
False
Let w(b) = b + 10. Let h be w(-6). Suppose 0 = 4*x + r + 3, -x + r = h*x + 6. Is (x - 2)*(-5 - -4) even?
False
Let y be 6/(-2) - (-6 + 4). Does 3 divide 4*12/8 - y?
False
Let f = 29 + -52. Let v = -15 - f. Is 8 a factor of v?
True
Let s(f) = 8*f - 4. Is s(2) a multiple of 6?
True
Let s(y) = y**3 - y**2 + y + 2. Let p be s(2). Let a = p + -2. Is 6 a factor of a?
True
Suppose -o - 3 = -7. Suppose -n + 6*n - 8 = -3*b, -8 = -4*b - o*n. Let c(u) = 11*u - 1. Is 10 a factor of c(b)?
True
Let h(z) be the second derivative of -11*z**3/6 - z**2/2 - 2*z. Is 7 a factor of h(-1)?
False
Suppose 0 = -7*i + 196 + 217. Is i a multiple of 3?
False
Let u(t) = t**3 - 4*t**2 + t - 2. Let n be u(6). Let p be n/5*(1 - -4). Let b = -51 + p. Is 23 a factor of b?
False
Is (-466)/(-10) - (-21)/(-35) a multiple of 18?
False
Let n be 5/(-15)*(-18)/2. Suppose 0 = f - s + n - 1, -3 = -3*s. Does 7 divide f/((3/21)/(-1))?
True
Let x be (-2)/(-4) - (-49)/14. Suppose 0 = -3*w + x*w - 12. Is 4 a factor of w?
True
Suppose 2*m + 3*m - 10 = 0. Suppose -5*c + 12 - m = 0. Suppose -c*w + q + 13 = 0, -2*w + 3*q + 14 = -w. Is w a multiple of 2?
False
Suppose -1075 = 2*w - 421. Let z be 9/36 - w/4. Suppose 0*p - 2*a + z = 2*p, 4*p - 165 = -3*a. Is p a multiple of 13?
False
Let j be (-83)/(-4) + (-2)/(-8). Suppose 2*y - 2*k - 10 = 0, -3*y - 6 = 4*k - 0*k. Suppose 3*d - 3*z = 12, -2*d - y*z + 3 + j = 0. Does 7 divide d?
False
Let q(m) = -9*m + 2. Let i be q(3). Let a = i + 126. Does 28 divide a?
False
Suppose -4*x - 3*w = -422 - 52, 5*x + 3*w = 594. Is x a multiple of 12?
True
Suppose -2*a + 3*m + m = 4, -5*m = 4*a - 57. Let f(b) = 6*b - 12. Is f(a) a multiple of 18?
True
Let b(n) = n**3 - 15*n**2 + 11*n. Let y be b(10). Let t be 1/3 + y/(-18). Let m = t - 14. Is 5 a factor of m?
False
Let j(r) = r**3 + r**2 + 3*r + 3. Let i be j(-3). Does 5 divide (10/8)/((-3)/i)?
True
Suppose 4*m + 0*z - 5*z - 26 = 0, 5*m - 3*z = 26. Suppose 0 = -m*s + 3*s + 3. Is 2 a factor of s?
False
Suppose 5*l - 2*b - 39 = 0, l - 2*b - 3 = -0*l. Is 3 a factor of l?
True
Let u be 1/3 + 87/9. Let s = u - -29. Does 13 divide s?
True
Suppose 0 = 5*x + 5*m + 90, -2*m = 5*x - m + 90. Is 7 a factor of 4/x + (-357)/(-27)?
False
Let u = -3 - -5. Suppose u*h + 10 = 52. Is 19 a factor of h?
False
Let f be (-70)/6*(-6 - -3). Let w = f - 23. Is w a multiple of 4?
True
Suppose 4*f - 2 = 3*f. Suppose -3*c - 36 = -3*y, 72 = 3*y + f*y + c. Is y a multiple of 7?
True
Does 16 divide (-4)/((36/64)/(-9))?
True
Suppose -93 = 2*n - 381. Suppose b + 3*b = n. Does 13 divide b?
False
Let b be (208/12)/((-4)/(-6)). Suppose -i = z - b, 86 = z + 2*z - 5*i. Does 12 divide z?
False
Let c(p) = 4*p + 7. Let m be c(-9). Let y = m + 68. Is 13 a factor of y?
True
Let h(z) = z**2 + 3*z + 4. Let t be h(-3). Suppose 0 = q, 35 + t = u - q. Does 19 divide u?
False
Let c = 105 - 29. Does 16 divide c?
False
Suppose 4*j - 3*s = -0*s + 129, -5*j = s - 166. Is 15 a factor of j?
False
Let o be 1*(1 - 0) + 3. Suppose -2*t + 5*n = -6*t - 88, 0 = -o*t - 3*n - 96. Is -3 + 2 - 1 - t a multiple of 19?
False
Suppose -i - m + 4 + 0 = 0, 4*m = -3*i + 12. Let h(u) = 2*u**2 + 2*u + 4. Does 22 divide h(i)?
True
Let h(w) = -w**3 + 20*w**2 + 4*w - 52. Is 4 a factor of h(20)?
True
Suppose -291 = 2*m + 3*p, 4*m - 3*p + 474 = m. Let o be ((-2)/(-2))/(1/m). Is 10 a factor of o/(-12) + 3/12?
False
Suppose 64 = -3*j + 4*j. Does 21 divide j?
False
Let c(t) = 2*t**2 + 2*t - 2. Let k be c(-3). Let v = -9 + k. Does 14 divide v*7*(-2)/(-1)?
True
Suppose 0 = 5*k + 2*y - 5, 0 = -k - 3*y + 1. Let o = 5 + k. Is o a multiple of 6?
True
Let b be -1 + 0 - (-2 + 13). Suppose -n + 4*o + 46 = 0, 0 = n + 2*o - 0*o - 52. Let r = n + b. Is 14 a factor of r?
False
Suppose 0 = 2*l + 7 - 87. Is 40 a factor of l?
True
Suppose 0 = -3*w - r - 3, 4*w = -2*r - 6. Suppose -p + 3 + 15 = w. Is p a multiple of 8?
False
Suppose 0 = 3*i - 6*i. Suppose 4*y + 3*b - 19 = i, 3 = y - 5*b + 4. Is y a multiple of 2?
True
Let v = -3 - -5. Suppose v = -c + 8. Does 19 divide 6/(-4)*(-148)/c?
False
Let a(t) = 2*t**2 + t + 4. Let n be a(-4). Let u(v) = 2*v**2 + 2. Let x be u(-3). Let m = n - x. Is m a multiple of 12?
True
Suppose -3*w = -3*p - 6, -3*w - p + 6 = -4. Is ((-10)/w)/((-5)/60) a multiple of 9?
False
Suppose -50 = -10*w + 5*w. Does 5 divide w?
True
Let z b